
1
Let q be ((-11)/4)/(3/12). Let g(v) be the first derivative of v**3/3 + 2*v**2 + 15*v - 92. What is the tens digit of g(q)?
9
Let m = 46218 - -1079. What is the hundreds digit of m?
2
Let h(i) = 3534*i**2 - 220*i + 893. What is the units digit of h(4)?
7
Suppose 5*b + 64 + 681 = 0. Suppose 278*t = 274*t - 297 - 19. Let u = t - b. What is the units digit of u?
0
Let b = 461 + -447. Suppose -9*t + b*t = 565. What is the hundreds digit of t?
1
Suppose 2*p - 6*p - 2*y = -24, 0 = -2*p - 5*y + 20. Suppose t = 5*t - 4*c - 1728, 850 = 2*t + p*c. What is the units digit of t?
0
Let n(g) = -3*g**3 - g**2 - 2*g + 2. Let h be n(1). Let u be 46*((-18)/h + 0). Suppose -2*r - r - 3*c = -u, -2*r - 3*c = -139. What is the units digit of r?
8
Let m(l) = -3*l**3 - 5*l**2 + 15*l + 33. Let w be m(-2). Let t be (-2)/1 - -2 - -1314. Suppose -w*u + u = -t. What is the hundreds digit of u?
2
Let x = -7560 - -12803. What is the tens digit of x?
4
Let l(z) = -2*z**2 + 76*z - 78. Let j be l(37). What is the hundreds digit of 7 + (-28075)/(-20) - 1/j?
4
Let o(m) = -m**2 + 16*m + 16. Let p be o(16). Suppose y + 7*y = p. Suppose a - 85 = 3*q + 5, 6 = -y*q. What is the units digit of a?
1
Suppose 0 = -x - 4*j - 2 - 11, -15 = 3*j. Suppose -x*h + 9*h = 130. Suppose 0*t + 5*m - h = -5*t, 3*m = 2*t - 26. What is the tens digit of t?
1
Let v be (-50)/25 - (1 + 4). What is the hundreds digit of (-2690)/v + (-26)/91?
3
Suppose 0 = -5*w + 12 - 12. Suppose 5*j + 4*x + 1 = 24, 5*x - 22 = -4*j. What is the units digit of w/j - 21/(-1)?
1
Let i = -21627 + 55796. What is the thousands digit of i?
4
Let z(k) = k**2 + 10*k + 9. Let v be z(-10). Suppose -v*o - 38 = -8*o. Let p = 81 + o. What is the units digit of p?
3
Suppose 8*i = -60 + 156. Let q(n) = 12*n + 77. What is the units digit of q(i)?
1
Let w(u) = -3*u - 29. Let x be w(-5). What is the tens digit of ((-63)/x*36)/2?
8
Suppose 4*p = -w - 2, -5*p = -3*w - 4*p + 7. Let u = 20 + w. Suppose -16*m - 390 = -u*m. What is the units digit of m?
5
What is the hundreds digit of ((-1120)/252)/(-40) - (-10448)/9?
1
Let i(p) = -598*p**2 + 2*p. Let q be i(1). Let t = q + 1237. What is the units digit of t?
1
Let q(x) = -60 - 104*x + 39 - 94 - 111 + 11. What is the tens digit of q(-9)?
2
Let v = -35 - -43. Suppose v = q + 5. Suppose l + q*f = -3, l - f - 17 = -0*l. What is the units digit of l?
2
Suppose -4*w = -0 + 12, 3*k + w = 23595. What is the tens digit of k?
6
Let y = 27 + -24. Suppose 3*n = 3*n - y*n. Suppose 186 = 3*f - 3*b, -2*f = -n*f - b - 128. What is the units digit of f?
6
Let t be 1/(((-2)/(-6))/(14/3)). Let p(n) = -5*n + 9*n + 6*n - 26. What is the tens digit of p(t)?
1
Let z(c) = -c**2 + 25*c + 224. Let a be z(29). Let b = 11 - 8. What is the units digit of a + -1 - (-3 + b)?
7
Let d = 48 - 44. Suppose -77 - 223 = d*o. Let l = -45 - o. What is the units digit of l?
0
Let w(p) be the first derivative of 82*p**2 + 434. Suppose 0 = -5*i + 2*i + 3. What is the tens digit of w(i)?
6
Suppose -4*a - 4*k = -5436, -5*a + 0*a + 2*k + 6809 = 0. Suppose -27*m + 961 = -a. What is the units digit of m?
6
What is the tens digit of -50*((-7860)/(-240))/((-42)/20 + 2)?
7
Let v = 75 + -8. Let t = -113 + 57. Let d = v + t. What is the tens digit of d?
1
Let j be (-69)/21 - (112/49)/(-8). Let a be -2*(2 - 1) - -3. What is the tens digit of a/((-200)/68 - j)?
1
Suppose -w = -7 + 2. Let a be (-1838)/(-3) - (3 + 21/(-9)). Suppose -o - w*o + a = 0. What is the units digit of o?
2
Let a = 4275 + 3418. What is the units digit of a?
3
Let y = -62 - -62. Let u be -6*24/(-27)*6/8. Suppose y*m - u*m + 620 = 0. What is the hundreds digit of m?
1
Let r(b) = -b**2 - 4*b - 10. Let v be r(-4). Let m = v - -14. Suppose 64 = 5*f - m*f. What is the tens digit of f?
6
Let o be (2/(-12)*4)/(4/(-78)). Suppose 1 - 28 = -3*j. Let p = j + o. What is the units digit of p?
2
Suppose 24*l = 176250 + 14358. What is the units digit of l?
2
Suppose 4*d = 3*d + 5*j + 239, 5*j = 15. Let p = -88 + d. What is the tens digit of p?
6
Suppose 6628 + 4082 = 5*i. Suppose -15*j = -12*j - i. Suppose 0 = 11*z + 3*z - j. What is the units digit of z?
1
Let f(n) = -109*n**3 + 15*n**2 + 165*n + 153. What is the hundreds digit of f(-7)?
1
Let w be -1031*(16/(-56) - (-9)/7). Let j = w + 1872. What is the units digit of j?
1
Let d(h) = -2*h**2 + 24*h - 48. Let p be d(10). What is the hundreds digit of 853 + (-14)/(p + 6)?
8
Let n(i) = 117*i**2 - 17*i + 1. What is the tens digit of n(12)?
4
Let c(y) = y**2 + 104. Suppose -2*t + 7*t = 3*t. Let q be c(t). Suppose 0*h - q = -4*h. What is the tens digit of h?
2
Let r be (-2)/5 - 46/10. Let f(x) = x**3 - x - 1. Let g(z) = -3*z**2 + 9*z. Let j(p) = -f(p) + g(p). What is the units digit of j(r)?
1
Let q = 2537 + -2533. Let o(m) = -m**3 - 2*m**2. Let j be o(-2). Suppose 7*f - q*f - 4*n - 195 = j, -n = 3. What is the units digit of f?
1
Let l = 483 + -486. Let i(y) = -256*y + 3. What is the tens digit of i(l)?
7
Let t(n) = -n**3 + 3*n**2 + 3*n + 4. Let l be t(4). Suppose l = 4*a - 3*x + 7*x - 1212, -3*a + 5*x + 917 = 0. What is the tens digit of a?
0
What is the thousands digit of ((-96)/15)/(-4) + (-142304)/(-10)?
4
Suppose 3*a - 355 = -5*j + 362, 5*a - 4*j - 1195 = 0. Suppose -5*b - 2*m + a = 0, 4*b - 194 = 6*m - 9*m. What is the units digit of b?
7
Suppose 0 = h + h - 418. Suppose -5*o - 4*m + 0*m + 379 = 0, 0 = -5*o + 5*m + 370. Suppose 4*l - o = h. What is the units digit of l?
1
Suppose -4*t - 12443 = -3*d, -5*t = -7*d + 2*d + 20740. Suppose -5*y + d = 4*y. Suppose 5*s - 3*x - 117 = y, -4*s - 5*x = -455. What is the hundreds digit of s?
1
Let z(b) = 4*b**2 - 114*b + 62. Let l be z(28). Suppose 3*u = 5*f - 3582, l*f + 3*u - 1437 = 4*f. What is the hundreds digit of f?
7
Let f = 2 + 26. Let h = f - -72. What is the units digit of h*(2 + -2 + 1)?
0
Let s(c) = c**3 - c**2 - 16*c - 21. Let b be s(5). What is the tens digit of (-4)/(-7) - ((-13805)/35 + b)?
9
Let z be 68/3 - 3/(-9). Let a(m) = -m**2 + 25*m + 4. Let n be a(z). Suppose -53*g + 384 = -n*g. What is the tens digit of g?
2
Let u(y) be the first derivative of -5*y**3/3 - 133*y**2/2 - 7*y + 140. What is the units digit of u(-18)?
7
What is the hundreds digit of 100446/9 + 5/15?
1
Let v(i) = -2*i**3 - 15*i**2 + 2*i - 19. Let m be v(-8). Suppose 2*g + 6 + 9 = -3*n, 0 = 3*n - 5*g - 6. Let w = m + n. What is the tens digit of w?
2
Let w(u) be the first derivative of -u**4 - 3*u**3 + u**2 + 30*u + 92. What is the hundreds digit of w(-7)?
9
Let u be ((-12)/(-18)*156)/((-9)/72). Let d(p) = 114*p - 5. Let o be d(-5). Let w = o - u. What is the tens digit of w?
5
Let z be 2 + (-4)/((-8)/154). Let g = z + -74. Suppose -5 = -g*a + 10, 2*i - 295 = a. What is the tens digit of i?
4
Let d(j) = 9*j**2 - 32*j + 107. Let u be d(18). Let s = 3504 - u. What is the thousands digit of s?
1
What is the tens digit of 4 - -23028 - (20/(-70) - (-114)/(-42))?
3
Suppose -t = 208 - 219. What is the hundreds digit of 1483 + (t/(-77) - 68/14)?
4
Let q(g) be the third derivative of g**2 + 0 + g**3 - 5/4*g**4 + 0*g. What is the tens digit of q(-2)?
6
Suppose 46*i - 104000 = 353246 - 15692. What is the hundreds digit of i?
5
Suppose -5*f = 4*f. Suppose f = 5*b + 129 + 111. Let l = -19 - b. What is the tens digit of l?
2
Suppose q - 14677 - 11496 = -u, 0 = 3*q - 2*u - 78564. What is the hundreds digit of q?
1
What is the units digit of (288/40 - 4)*1920?
4
Let w be 3/(11/13 + 40/260). Suppose -w*r + 168 = -7*r. Let j = r - -143. What is the tens digit of j?
0
Let n(l) = -31*l + 3547. What is the thousands digit of n(59)?
1
Suppose -n + 9 = 4*y + 2*n, 0 = 4*y - n + 3. Suppose y*q + 2777 = 3*q + 4*j, q - 2*j = 929. What is the tens digit of q?
2
Suppose 0 = -11*t + 12*t - 15. Suppose -3*s = -4*s + t. Let z(w) = -w**3 + 16*w**2 - 8*w - 4. What is the tens digit of z(s)?
0
Let j = -7283 - -16570. What is the thousands digit of j?
9
Suppose 11*a + 19*a - 460796 = 2*a. What is the hundreds digit of a?
4
Let l be (-2)/(-1)*(2 + (-10)/4). Let p be (-1 + -2)/(l + -4 + 4). Suppose 3*q = p + 18. What is the units digit of q?
7
Let q = -81843 + 115763. What is the units digit of q?
0
What is the ten thousands digit of (0 + -935)*(-8 - 13)?
1
Suppose -25*j = -37*j + 48684. What is the hundreds digit of j?
0
Suppose -6*k + 23*v + 12153